 - 13. Let a be -1*(v/4 + 1). Suppose -3*g = -3*f - a, 5 = 3*g - 4. Calculate c(f).
2
Let j(f) = f - 7. Let y(c) = 2*c - 15. Let p(q) = 11*j(q) - 6*y(q). Give p(0).
13
Let q(v) = 2*v + 4. Let d be q(-3). Let z(t) = 5*t**3 + 6*t**2 + 6*t + 3. Let y(c) = -7*c**3 - 7*c**2 - 7*c - 3. Let s(u) = 2*y(u) + 3*z(u). Determine s(d).
3
Let m = -14 - -16. Suppose m*w = -w + 15. Let j(n) = -w + 4*n - 1 + 3*n + 5. Calculate j(-1).
-8
Let x(p) be the second derivative of -p**3/3 - 13*p**2/2 + 46*p - 3. Give x(-10).
7
Let d(o) = o**3 - 45*o**2 + 38*o + 265. Let k be d(44). Let n(a) = 6*a**3 + 3*a**2 + a - 3. Give n(k).
7
Let p(v) = 5*v**2 - v - 10. Let k(j) = -4*j**2 - j + 9. Let w(q) = -6*k(q) - 5*p(q). Calculate w(9).
14
Let c(i) be the first derivative of i**3/3 - 3*i**2 - 3*i + 136. Determine c(3).
-12
Let l = -14 - -19. Suppose 2*j + 12 = 5*w + 1, -w - l = -4*j. Let p(q) be the third derivative of q**5/60 - q**4/8 - q**3/6 - 5*q**2. Determine p(j).
-3
Let u(l) = 5*l + 4. Let i(p) = p**3 + 4*p**2 - 6*p + 4. Let w be i(-5). Let h(y) = -20 + w + 6 - 5*y. Let x(m) = 3*h(m) + 4*u(m). Determine x(-1).
-4
Let y(w) = -2*w**2 - 8*w - 12. Let n(z) = -5*z**2 - 17*z - 25. Let o(j) = -3*n(j) + 7*y(j). What is o(7)?
5
Let b(c) = -2*c**3 - 15*c**2 - 15*c + 5. Let m(k) = k**3 + 8*k**2 + 8*k - 3. Let l(o) = 4*b(o) + 7*m(o). Suppose -2*r - 10*r - 36 = 0. Give l(r).
2
Let a(w) = -w + 5. Let n be a(2). Suppose 5*l = s - n*s - 5, 0 = l - 2*s + 1. Let u(c) = 3*c**3 - c**2 + 1. Determine u(l).
-3
Let v(o) be the third derivative of o**6/120 + 7*o**5/60 + o**4/12 + 7*o**3/2 - 43*o**2 + 2. Give v(-7).
7
Let v(j) = 4*j + 39*j**2 - 8*j - 3 - 28*j**2 - 3. Let b(u) = u**2 - u - 1. Let d(s) = -5*b(s) + v(s). Let q = -38 - -39. Calculate d(q).
6
Let d(s) = 7*s + 6. Let q(a) = -2*a - 2. Let r(k) = d(k) + 3*q(k). Let b = 2 - 5. Determine r(b).
-3
Let q be (-20 + 19)*(5 - 4). Let i(o) = -54*o**3 - o**2 - o - 1. What is i(q)?
53
Let r(w) = -5*w**2 + 3*w**2 + 2*w**2 - w**2. Give r(-2).
-4
Let l(r) = 5*r - 11. Let q(g) = -4*g + 10. Let k(d) = -3*l(d) - 4*q(d). What is k(14)?
7
Let j(r) = -6*r. Let m = 242 + -244. Give j(m).
12
Let f = 244 + -240. Let g(c) be the first derivative of f - 3*c + 3/2*c**2. Calculate g(-3).
-12
Let p(a) = -a + 1. Let t(q) = 2 - 11*q + 7*q**2 - q**3 + 2*q**3 + 3*q. Let c be t(-8). Suppose -5*j + c*k = -2, 6*j = 2*j - k - 1. Calculate p(j).
1
Let f(q) = q**3 + 7*q**2 + 2*q + 9. Let p = 200 - 207. Give f(p).
-5
Let z(s) = 25*s - 12. Let h(i) = -46*i + 27. Let r(c) = 6*h(c) + 11*z(c). Calculate r(20).
10
Let h(p) = p**2 - p - 1. Let d = -69 + 68. Let q be (21 + -27)*d/3. Determine h(q).
1
Let x = 15 - 15. Suppose o = -3*r - 3*o + 30, x = 2*o - 6. Let y(p) = -2*p + 7. Determine y(r).
-5
Let d(k) = k**3 - 2*k**2 - k. Let v = 5 - 7. Let o = -23 + 29. Let p be (-1)/v*(o + -8). Determine d(p).
-2
Let d be -9*((-4)/(-6))/(-2). Let b(w) = -w**d + 3 + w + w**2 + 2 - 5. Determine b(0).
0
Let w(k) = -k - 6. Let s = -7 + 3. Let x be (-6)/(15/(-6) - s). Determine w(x).
-2
Let t(o) = 2*o**2 - 229 + 3*o**2 - 2*o + 230. Let p(v) = -v. Let u be 15/(-10) - 2/(-4). Let f be p(u). Give t(f).
4
Let b be 4/18 + 65/(-9). Let i(u) = u**3 + 103*u**2 + u - 11. Let m(n) = -24*n**2 + 1. Let g(a) = -i(a) - 4*m(a). Determine g(b).
14
Let m(i) be the third derivative of -i**5/60 - i**4/3 - i**3 - 3*i**2 + 3*i. What is m(-8)?
-6
Let t(n) be the second derivative of -n**8/480 + n**7/2520 + n**6/360 + n**5/120 - 9*n**4/4 - 7*n. Let l(p) be the third derivative of t(p). What is l(-1)?
14
Let g be (-2)/(-3)*(-14 + 44). Let k = -18 + g. Let o(j) = j - 4*j**2 + j**3 + 4*j**2 - 1. Calculate o(k).
9
Suppose 5*k = 5*b - 10, -4*k + b = -4*b + 11. Let s(c) be the first derivative of -7*c**4/4 + c**2/2 - 174. Determine s(k).
-6
Suppose 5*u = 5, 2 = 2*k - 5*u + 3. Let q(l) = 4*l**2 + 1. What is q(k)?
17
Let q = -37 - -40. Let d(a) = -2*a**2 + 5 + a**3 + 6 - q*a**2 - 9. Give d(5).
2
Let u(t) = 3*t**3 - t**2 + 12*t - 24. Let w be u(2). Let q(m) = -m**2 + 18*m + 45. Determine q(w).
5
Let i(x) = 0*x + 2*x - 3*x + 7. Suppose -5*y + 31 = -19. Suppose r + r = y. Give i(r).
2
Let c(f) = -1 + 3*f**2 + 3*f - 4*f**2 + 0*f + 4. Suppose 0 = 4*v - 4, -3 = a + 4*v - 12. Give c(a).
-7
Let z = -3 - -4. Let o be z + -2 + 2 + 0. Let j(c) be the third derivative of c**5/30 - c**4/24 - 5*c**2. Give j(o).
1
Let j(b) = -4 + 4 - 3 - b**2 - 3*b. What is j(-2)?
-1
Let l = -215 - -223. Suppose -o = 11 - l. Let j(b) = -b**2 + b - 1. Let k(q) = -q**3 - 9*q**2 + 6*q - 2. Let h(u) = 6*j(u) - k(u). Give h(o).
-4
Let i(j) = -2*j - 6. Let l(p) = -p**3 - 3*p**2 + p - 7. Let r be l(-3). Let b be (-30)/12*12/r. Suppose 5*z + 14 = 4*q + 6, q = -b*z - 15. Calculate i(z).
2
Let c(l) = -5*l - 12. Let t(b) = 19*b + 49. Let s(k) = 9*c(k) + 2*t(k). Let w(m) = 3*m + 6. Let p(v) = -4*s(v) - 9*w(v). Give p(10).
-4
Let z(h) be the third derivative of h**6/120 + h**5/5 + 11*h**4/24 - h**3/3 - 50*h**2 - 1. What is z(-11)?
-2
Let k(b) = b**2 + 14*b + 12. Suppose r - 32 = 2*z - 7, 0 = 5*z + 4*r + 69. What is k(z)?
-1
Let n(g) = -g**3 + 2*g + 24 - 8 + 4*g**2 - 11. Determine n(5).
-10
Let s(n) be the first derivative of n**2/2 - 3*n + 159. What is s(0)?
-3
Suppose 0 = 4*r - 2*f - 4, 3*r - 2*r = 4*f - 6. Let a(i) = -r + i + i - 7 + 14. Let d be a(-4). Let w(x) = x**3 + 4*x**2 + 3*x - 1. Calculate w(d).
-1
Let f(d) = d - 1. Let u be 1/2*(-3 + -1). Let r = -8 - u. Give f(r).
-7
Let y be (11 + -13)/(6/(-21)). Let c(i) = i + 5. Calculate c(y).
12
Let a(z) = -z - 2. Let x(g) = -g**2 - 15*g - 1. Let f be x(-13). Suppose 3*h - j - f = 0, 3 - 4 = j. Suppose 3*y = h*y + 15. What is a(y)?
1
Let v be 1/(-5) - (-42)/10. Let b(w) be the first derivative of 3*w**2 - 44 - 5/3*w**3 - 2*w + 1/4*w**4. Give b(v).
6
Suppose -2*p = 2*p. Let h be -9 + -1 + 1 + p. Let w(j) = 5*j + 541 + j**2 - 544 - j + 0*j**2 + 5*j. What is w(h)?
-3
Let x(r) = 3*r - 5. Let j(a) be the third derivative of 13*a**4/24 - 7*a**3/2 + 9*a**2. Let u(t) = -2*j(t) + 9*x(t). Determine u(6).
3
Let n(a) be the first derivative of 0*a**2 - 38 + 1/3*a**3 - 4*a. Determine n(0).
-4
Suppose 8*l - 10 = 3*l. Suppose 3*w + 4 - 16 = 0. Let f(m) = 5 + 2*m + l*m - w + 2*m. Give f(2).
13
Let x(z) be the second derivative of z**5/20 - 3*z**4/4 + 7*z**3/6 + 11*z**2/2 - 5*z. Let s(a) = -3*a + 14. Let n be s(2). Calculate x(n).
3
Let a(q) = -q + 0*q**2 + 1 - q**2 - 7. Let m = -260 + 260. Calculate a(m).
-6
Let h be 1*8*3/6. Let n(g) = 5*g + 3. Let o(c) = -15*c - 8. Let f(x) = h*o(x) + 11*n(x). Suppose 0 = p + 2. Determine f(p).
11
Let r(f) be the second derivative of -f**5/20 + f**4/3 + f**3 + 4*f**2 + 255*f. Give r(6).
-28
Suppose -v = 23 - 7. Let w be 40/v - (-2)/(-4). Let t(q) = -q**2 + 3*q. Let k(o) = 2*o**2 - 7*o - 1. Let d(g) = w*k(g) - 7*t(g). Give d(0).
3
Let f(h) = -4*h + 3 + 3*h**2 + h**2 - 9*h**2 + 2*h**2. What is f(-4)?
-29
Let s(u) = -u + 6. Let c = 171 - 96. Suppose -2 - c = -7*q. Give s(q).
-5
Let p be ((-6)/(-9))/((-2)/(-6)). Let b = -3 + p. Let d(g) = 17*g**3 + g + 2. Let u(j) = 4*j**3 + j + 1. Let x(y) = d(y) - 3*u(y). Give x(b).
-4
Suppose -41*a = -48*a - 21. Let j(i) = -2*i. Determine j(a).
6
Let k = -357 + 352. Let d(m) be the second derivative of -m**5/20 - 5*m**4/12 + m**3/6 + 7*m**2/2 + m. Determine d(k).
2
Let i(u) = 55*u + 17. Let b(r) = -7*r - 1. Let h(t) = 8*b(t) + i(t). Let x be ((-7)/2 - 0)*-2. What is h(x)?
2
Let k = 41 - 41. Suppose 2*m = -i - 2 - k, -5*m - 2*i = 3. Let x(w) = -16*w**2. Calculate x(m).
-16
Let j(x) = 98*x - 22*x + 21 - 26*x - 26*x - 23*x. Determine j(-14).
7
Let k = 186 + -182. Let n be (2 - 1) + (-3 - -2). Suppose -k*h = -8, n*p + p - 14 = -5*h. Let s(t) = t**3 - 3*t**2 - 5*t + 5. What is s(p)?
1
Let a = 47 - 42. Suppose 0 = 3*r - v - 3, -3*v = 5*r + v - a. Let t(d) = 9*d**3 - d + 1. Determine t(r).
9
Let g(s) be the second derivative of s**5/20 + 13*s**4/12 - 13*s**3/6 + 10*s**2 - 120*s. Determine g(-14).
6
Let c(w) = 5*w**2 - 4*w. Let b(a) = 14*a**2 - 13*a + 1. Let h(g) = 4*b(g) - 11*c(g). Let v(n) = 2*n**3 + 10*n**2 + 31*n + 164. Let o be v(-5). What is h(o)?
13
Let k be 5/2 - (-9)/(-18). Suppose 0 = 3*q + 9, -k*c = 3*q + 14 - 3. Let d(z) = -14*z**2 - z + 6 - 5 - 2 - z. Give d(c).
-13
Let z(m) = 0*m**3 + 2*m + m**3 - 2*m**2 + 3*m + 41 - 43. Let y(j) = -j**2 + 7*j + 11. Let 